8. Calculate the greatest common factor of l and h.
5
Suppose 5*j - 3*f - 320 = 0, 5*j + 10*f - 9*f - 320 = 0. Let x(l) = -2*l**3 - 5*l**2 + 7*l + 6. Let z be x(-5). Calculate the greatest common factor of j and z.
32
Let t = -4693 - -8105. Calculate the greatest common divisor of 4 and t.
4
Suppose -4*c + 7*c + 650 = 2909. What is the greatest common factor of c and 3?
3
Let c be (5*2)/(280/13020). Calculate the highest common divisor of c and 105.
15
Let q = -14223 - -14619. Suppose -4 = -2*k, k - 38 = 5*m - 6*m. Calculate the highest common factor of q and m.
36
Let i(l) = -42*l + 102. Let k be i(2). Calculate the highest common factor of 441 and k.
9
Suppose -2*p - 12 = -8*p. Let l be 15/10 - (-21)/p. What is the highest common factor of 3 and l?
3
Let l be 25 + 2 + -4 - (-105)/(-15). What is the highest common divisor of l and 2152?
8
Suppose 2*r - 51 = -5*m + 34, m - 20 = -r. Let l = 6 - -22. Suppose 0 = 2*h + l - 58. Calculate the highest common divisor of m and h.
15
Suppose -65*m + 58*m = -147. Suppose 36 = -m*n + 267. Calculate the highest common divisor of 88 and n.
11
Let d = -10631 + 10633. Let a be (-13)/(-4) + (-2)/8. Suppose -282 = -3*v + q, 202 = d*v + a*q + q. Calculate the highest common divisor of v and 19.
19
Suppose -1465*y + 1491*y = 26. Calculate the greatest common factor of 1063 and y.
1
Suppose 7 = -c + 5*l + 16, 0 = 4*c - l - 74. Suppose 0 = -2*p - o + 227, p + o = -o + 112. Calculate the greatest common factor of p and c.
19
Let t be ((-4)/(-7))/((-10)/(-35)). Let z be t/(-9) + (-888)/(-108). What is the greatest common divisor of 72 and z?
8
Suppose 3*t = -2*j + t + 932, -j + t = -470. Suppose 0*f + j = 12*f. Calculate the highest common factor of 273 and f.
39
Let i = -94 - -97. Suppose 0 = -4*k + f + 534 - 6, -2*f = -i*k + 396. Calculate the highest common factor of 12 and k.
12
Suppose 805 = 102*u - 95*u. Suppose 4*z = -39 + u. What is the highest common divisor of 551 and z?
19
Suppose 90*l + 107*l = 31520. Calculate the greatest common factor of 350 and l.
10
Let g = 7848 + -6238. Calculate the highest common divisor of 92 and g.
46
Let v = 3596 - 938. Calculate the greatest common divisor of v and 6.
6
Suppose 29*i - 20303 = -4*i + 3193. What is the highest common factor of i and 17266?
178
Let q(y) = y**3 + 7*y**2 - 12*y + 10. Let a be q(4). Let w = 152 - a. What is the highest common divisor of w and 98?
14
Suppose 0 = 5*w - 7*w + 112. Suppose 78*h - w = 76*h. Calculate the highest common factor of h and 8.
4
Suppose -28 = -t + 5*m - 8, -4*m = 15 - 7. Let c(j) = 41*j - 2. Let h be c(2). What is the greatest common divisor of h and t?
10
Suppose 5*y = 3*i - 320 - 282, -y - 406 = -2*i. Calculate the highest common divisor of i and 22236.
204
Suppose -87 + 93 = 3*d. Let j be -3*d*(-4)/8 - 3. Suppose j = 2*z - 3*x + x - 24, 30 = z + 5*x. Calculate the highest common factor of 10 and z.
5
Suppose -18 - 6 = -6*q. Suppose 15 = 4*l + 5*h - 13, -q*l + 2*h + 28 = 0. What is the greatest common divisor of l and 119?
7
Suppose 0*l = -6*l. Suppose -44 + l = -z. Let q = z + 4. What is the greatest common divisor of 32 and q?
16
Let n = 47 + -10. Let p(s) = 2*s**2 + 37*s - 59. Let f be p(-23). What is the highest common divisor of f and n?
37
Suppose -4*r - 8 = -4*q, r + 0*q + 3*q + 18 = 0. Let i be ((-58)/r - 5)*(-3)/(-2). Suppose -i + 49 = 2*y. Calculate the highest common factor of 14 and y.
7
Suppose 0 = 30*z - 33*z + 3*f + 51, -z + 3*f + 27 = 0. Let r be 2/(-11) + 87930/99. Calculate the greatest common divisor of r and z.
12
Let q = 13 - 6. Suppose -q*x = -3*x + 40. Let b be (-48)/x*25/20*2. Calculate the highest common factor of b and 12.
12
Suppose 2*f = -2*v, 6*v + 8 = 7*v - 3*f. Let t be (178/(-8) + 7)/(v/(-16)). What is the highest common divisor of 4 and t?
2
Suppose g = -4*g + 375. Let u(x) = x**2 - 89*x + 927. Let k be u(12). What is the highest common divisor of k and g?
3
Let j(r) = -10*r - 66. Let c be j(-9). Suppose c*k + 8 = 26*k. Let d = 60 - 24. Calculate the highest common factor of k and d.
4
Suppose 0 = -2*u - 2*u + 320. Suppose -l + 4*m - 376 - 39 = 0, 4*m + 1325 = -3*l. Let h = l + 445. Calculate the greatest common factor of u and h.
10
Suppose -2393 = -3*t + 4*g - 9*g, 3*g + 1627 = 2*t. Suppose 3*v = -x + v + 407, 0 = -2*x + 4*v + t. Calculate the greatest common factor of x and 5.
5
Suppose -g - f + 49 = 0, 0*g - 5*g + 5*f = -295. Suppose -2*i + 62 = -g. Calculate the highest common divisor of 638 and i.
58
Let o be -10*((-54)/(-12) - 11). Calculate the greatest common divisor of o and 13.
13
Let s(j) = -j**3 - 29*j**2 - j - 24. Let p be s(-29). Suppose p*c = -5*z + 3*c + 38, c = -3*z + 22. What is the greatest common factor of 39 and z?
3
Suppose 73*k - 13561 = 8631. Suppose -5*i = w - 14, 4 + 13 = w + 2*i. What is the highest common divisor of k and w?
19
Let l be (4/36*3)/((-2)/(-24)). Suppose -4*y = -4*w - 272, -3*w - 5*y + 72 = -l*w. Let t = w + 103. What is the highest common factor of 18 and t?
18
Let l be (1 - 2)/((-3)/63). Let s = -1123 + 1126. What is the highest common factor of s and l?
3
Let r be 9 + (-294)/35 + (1 - 5460/(-25)). Calculate the greatest common factor of 3685 and r.
55
Suppose -92 = -4*x + 7*s - 3*s, 2*x - 52 = -4*s. Let p = 21 + 12. Suppose -24*k - 1512 = -p*k. Calculate the highest common factor of x and k.
24
Suppose -427*f + 425*f + 4 = 0. Suppose -58 = -4*m - f*z, -4*m - 22 = -5*m - 2*z. What is the greatest common factor of m and 12?
12
Suppose -2*x - 886 = -2*w, -1760 = 251*w - 255*w + 2*x. Calculate the greatest common factor of 207 and w.
23
Suppose 8*p + 68 = 2*n - 36, 3*n - 2*p = 126. Calculate the greatest common factor of 188 and n.
4
Let y = -100 - -100. Suppose y = 42*j - 32*j - 1350. Let s be ((-3)/2)/((j/580)/(-9)). Calculate the greatest common divisor of s and 87.
29
Let t = 248 + -264. Let h be 27/(3 - (-24)/t). Calculate the greatest common factor of h and 225.
9
Suppose 5*f - 2*m = 260, -16*m + 260 = 5*f - 12*m. Calculate the greatest common divisor of 2223 and f.
13
Let l(s) = 2*s**3 - 53*s**2 - 24*s - 55. Let v be l(27). Let o = 92 - -51. What is the highest common factor of v and o?
13
Suppose 5*v - 557 = 4*c, c + 2*v + 2*v + 134 = 0. Let s = -26 - c. What is the highest common divisor of 168 and s?
56
Suppose 305 = -6*j + 233. Let w be (4 - 106)*(3 - (-42)/j). Calculate the greatest common divisor of w and 102.
51
Suppose -3*n = 3*y - 387, 3*n - 521 = -7*y + 3*y. What is the greatest common factor of y and 1407?
67
Let f = 77518 - 52417. Calculate the highest common divisor of f and 9.
9
Suppose 12*a + 223 = -233. Let j be (-68)/(-18) + 2 + a/(-171). What is the highest common divisor of 27 and j?
3
Let i be (7 - 1)/((-21)/(-189)). Let w = 180 - 178. What is the greatest common divisor of i and w?
2
Let y = 491 + -274. Let d(u) = -u**3 + 7*u**2 + 79*u + 18. Let m be d(13). Calculate the highest common divisor of m and y.
31
Suppose 16 = -2*t, 0 = -4*s - 3*t - 57 + 385. Let x be 0 + (-2 - (1 + -11)). Calculate the highest common factor of x and s.
8
Suppose -5*y + u + 111 = -4*y, 2*y = 5*u + 216. Let f = 135 - y. What is the greatest common divisor of 77 and f?
11
Suppose -43*z - 98*z + 16038 = 57*z. Calculate the highest common factor of 1566 and z.
27
Let c = -201 + 321. Let l be 2 + 1 + -1 + c/3. Suppose 2*t = -5*t + l. What is the greatest common factor of 15 and t?
3
Suppose -k = 5*u - 714, u + 0*k + 5*k = 114. What is the highest common divisor of 17568 and u?
144
Suppose o + 542 = 12*s, 3*s + 3*o - 115 = 14. Calculate the highest common factor of 27 and s.
9
Let h(q) = 2*q + 54. Let y be h(-5). Suppose y*k - 1425 = 25*k. What is the highest common divisor of k and 175?
25
Suppose 2*z + 6*z = 392. Suppose 71 + z = 10*m. Calculate the greatest common factor of m and 108.
12
Let j(h) = 38*h - 472. Let f be j(13). What is the greatest common factor of 2046 and f?
22
Let v(u) = u**2 + 2*u. Suppose 4 = 3*w - 2. Let l be v(w). Let j be (-3)/(-15) + l/10*1. Calculate the greatest common factor of 7 and j.
1
Suppose -6*o - 3*r - 19 = -2*o, 5*r + 22 = 3*o. Let k be 24/(-6) - (-72 - (o - 2)). Calculate the highest common factor of 26 and k.
13
Suppose 0 = 2*x - 3*m - 320, -107*x + 104*x + 513 = m. What is the highest common divisor of x an